. List the prime factors of (-6)/3*1*d.
2
Suppose 3*f - 5*f + 20 = 0. What are the prime factors of (-14)/(-4)*20/f?
7
Suppose t - 28 = 113. What are the prime factors of t?
3, 47
Suppose -12 = -3*a + a. Let t be (-15)/a*8/(-10). Let d = t + 6. What are the prime factors of d?
2
Let g be (3/(-2))/((-6)/4). What are the prime factors of g/(1/13) + 1?
2, 7
Let m be ((-16)/(-2))/((-8)/8). What are the prime factors of 31/3 + m/(-12)?
11
Suppose 0*s = -4*n + 2*s + 16, 0 = 5*s. List the prime factors of n.
2
Let p(m) = -m**2 - 7*m - 7. Let u be p(-5). Suppose -u*h = 5*q - 200, -7*q + 3*q + 5*h = -197. What are the prime factors of q?
43
Let l(x) be the third derivative of -x**6/60 - x**5/15 + x**4/24 - x**3/6 - 3*x**2. What are the prime factors of l(-3)?
2, 7
Let g be ((-12)/(-2))/(-2 + 3). Suppose -b - b = -g. What are the prime factors of ((-21)/(-9) - 1)*b?
2
List the prime factors of 18*4/(12 - 4).
3
List the prime factors of 1/(3 + 3580/(-1195)).
239
Let y be -3 + -3 + 3 + -5. List the prime factors of (14/y)/(2/(-16)).
2, 7
Let d be 3/3*0/(-3). Suppose -3*y + d*y = 2*t - 8, -5*y = -t + 4. Suppose -z + t + 13 = 0. What are the prime factors of z?
17
Suppose -7*d + 13*d - 492 = 0. List the prime factors of d.
2, 41
Let v = 0 + 11. What are the prime factors of v?
11
Suppose 2*t - 3*t - 2*b = -22, -88 = -5*t + b. Let u = t - 13. What are the prime factors of u?
5
Suppose 0 = -5*z + 221 + 269. List the prime factors of z.
2, 7
Let g be (48 - 4) + (-12)/(-3). Suppose 3*h - g = -0*h. List the prime factors of h.
2
Suppose 4*v - 2*b - 548 = 0, 5*v - b - 685 = -4*b. What are the prime factors of v?
137
Let a = -64 + 112. What are the prime factors of a?
2, 3
Let v(c) = c**3 - 14*c**2 + 19*c - 25. What are the prime factors of v(13)?
53
Let x = -5 - -5. Let v be (-1 + x)*2/2. List the prime factors of v/2 + (-15)/(-2).
7
Suppose 0 = 14*h - 1707 - 1653. What are the prime factors of h?
2, 3, 5
Let i(g) = g**3 - g + 27. List the prime factors of i(5).
3, 7
Suppose -3*j + 9 = -j + 3*l, -3*l = 3*j - 12. Suppose -j*i - i = s - 4, -4*s + 28 = 4*i. List the prime factors of s.
2
Suppose -4*p - 44 = 76. List the prime factors of (p + 3)/(2 + -3).
3
What are the prime factors of (1 + 5)/((-12)/(-36))?
2, 3
Suppose 0 = 4*w + j - 220, -3*j + 8*j - 236 = -4*w. Suppose w - 8 = 2*h. List the prime factors of h.
23
Suppose 0 = -0*u + 3*u. Suppose 12 = 3*d - 0*b + b, -5*d - 4*b + 20 = u. Suppose -d*r + 11 = 3. List the prime factors of r.
2
Let m = 69 + -33. What are the prime factors of m?
2, 3
Suppose -3*i + 3 = 3*a, -4*i - 1 = -i + 4*a. Suppose -3*k + i*k = -4*g + 12, 33 = 3*k + 3*g. What are the prime factors of k?
2
Let d(y) = -y - 13. Let l be d(-9). Let v = 11 - l. List the prime factors of v.
3, 5
Let q(d) be the first derivative of d**2 + 19*d + 5. List the prime factors of q(0).
19
Let g(k) = k. Let x be g(-6). Let m be 2 - 0 - x/(-3). Suppose 0 = o + 3*h - 4, m = 4*o - h + 4 - 20. What are the prime factors of o?
2
Let b(w) = w**2 + 2*w - 8. List the prime factors of b(-10).
2, 3
Let v = -245 + 463. List the prime factors of v.
2, 109
Let h(a) = a + 0*a - 2*a. Let b be h(2). List the prime factors of 22*((-15)/(-6) + b).
11
Let f = 144 - 92. What are the prime factors of f?
2, 13
Let b = 91 + 40. What are the prime factors of b?
131
Suppose o - d - 39 = 4, -3*d = 0. List the prime factors of o.
43
Suppose 0 = 4*n - 5*v - 677, 3*n + v = -3*v + 469. What are the prime factors of n?
163
Let b(c) = -c**2 + 44*c + 23. What are the prime factors of b(31)?
2, 3, 71
Let t(i) = 6*i - 4. Let d(v) = v. Let z(x) = -8*d(x) + t(x). Let l be z(6). Let n = l + 24. List the prime factors of n.
2
Let k = -20 - -35. Suppose 0 = -5*i - k, -2*i - 54 = -4*y - 4*i. What are the prime factors of y?
3, 5
Suppose 0 = -2*h + 39 - 3. Let n be -3 + 3 + h + 2. Suppose c + 0 = n. What are the prime factors of c?
2, 5
Let j be 14/91 + (-4)/26. Suppose -5*r + t = -j*t - 60, 5*t = r + 12. List the prime factors of r.
13
Let g = 4 - 4. Let z(m) = m**3 + m**2 + 8. Let i be z(g). Let t = -3 + i. List the prime factors of t.
5
Suppose -c - 25 = -6*c. Let i(w) = 1 + w + 2*w + 0. List the prime factors of i(c).
2
Suppose -3*a = o - 0*a - 19, 0 = o + 4*a - 24. Suppose o*q - 18 + 6 = 0. Suppose -j = u - q*u + 15, 5*u - 40 = 5*j. What are the prime factors of u?
7
Let f be 1/(-1)*(-3 - 28). Let g = f - 16. Let k = g + -7. List the prime factors of k.
2
Suppose 0*f - 3*f + 30 = 0. Suppose f*o = 5*o - 90. Let c = -7 - o. List the prime factors of c.
11
Suppose 25 = -5*w + 110. List the prime factors of w.
17
What are the prime factors of 6/(-3) - (0 + -20)?
2, 3
Let u = 15 + -21. What are the prime factors of (-2260)/(-45) + u/27?
2, 5
Suppose 2*y + 6 = -m, 3*m - 2*m - 5*y - 15 = 0. Suppose m = -3*b + 22 - 4. Suppose -5*j = -b - 19. List the prime factors of j.
5
Let v be ((-4)/(-1) - 2)*1. Suppose 0 = 3*n + v*n + 125. Let m = -16 - n. What are the prime factors of m?
3
Let c(p) = -7*p + 5. List the prime factors of c(-3).
2, 13
Let d = -12 + 17. Let u(v) = 11*v + 1. Let j be u(-1). List the prime factors of (-124)/j - 2/d.
2, 3
Let v = -10 + 18. What are the prime factors of v?
2
Let n be (-5 + 0)*(3 + -4). Suppose 0 = 2*f - g - 27, n*g = -5 - 0. List the prime factors of f.
13
Let y = 7 - 6. Let l = 41 - y. Suppose -g + l = 4*g. List the prime factors of g.
2
Suppose -4*a - 5*d - 9 = -73, 4*a = 3*d + 64. What are the prime factors of a?
2
Let s(m) be the second derivative of -m**5/20 - m**4/12 + m**3/6 + 6*m**2 + 2*m. What are the prime factors of s(0)?
2, 3
Let h(a) = -a**3 + 6*a**2 - 4*a. Let n be h(5). List the prime factors of 22/n + 6/(-15).
2
Suppose -443 = -3*i + g, 103 = i + 4*g - 62. Suppose i = 4*h + 37. Let s = h - 19. List the prime factors of s.
3
Suppose 3*r + 2*r - 10 = 0. Let w be (0/(-2)*1)/r. Suppose w = -q + 5 - 2, 3*p + 3*q - 30 = 0. What are the prime factors of p?
7
Let l = -7 + 7. Suppose 0 = -4*o - l*o + 24. What are the prime factors of o?
2, 3
Suppose -4*o + 81 = -o. What are the prime factors of (o/12)/(9/24)?
2, 3
Let m(r) = 0*r - 2*r + 2 + 1. Let i be m(3). Let p = i - -15. List the prime factors of p.
2, 3
Let u = 116 + -70. What are the prime factors of u?
2, 23
Suppose 0 = -r - 0*r, 94 = 2*c - 4*r. List the prime factors of c.
47
Suppose 2 + 6 = n. Suppose -n*l + 3*l = -10. Suppose 0 = d - l - 4. List the prime factors of d.
2, 3
Let c(p) = p + 2. Let m be c(-2). Suppose m = 4*w - 3*w - 3. What are the prime factors of w?
3
Suppose 0 = 5*s - 65. Suppose -30 = -y - s. What are the prime factors of y?
17
Suppose -4*a + 10 = 5*p, -3*p + 11 - 5 = 5*a. Suppose -p*s + 81 = 7. List the prime factors of s.
37
Let t be (-28)/(-8)*(-2)/1. Let u = t - -13. Suppose u = 4*x - 2. List the prime factors of x.
2
Suppose 2*u + 4*r = 17 - 3, -2*u - 5*r + 15 = 0. Suppose -j = u*o - 3, j = -2*o + 5*o + 3. Suppose -10 = -d - j. What are the prime factors of d?
7
Let a = -147 + 206. List the prime factors of a.
59
Suppose r - 2*b + 37 = 218, -5*b = 3*r - 488. List the prime factors of r.
3, 19
Let p(u) = -u**3 - u**2 + 4. Let f be p(0). Suppose 0 = -f*l + 13 + 3. What are the prime factors of l?
2
Let l = 50 - 20. Suppose 0 = 5*j - 0*j - l. Suppose -5*q = -0*q - t - 5, -2*q = -2*t + j. What are the prime factors of q?
2
Suppose -4*u + 12 = 4. Suppose -3*r + 15 = -3. Suppose -36 = -r*j + u*j. List the prime factors of j.
3
Suppose 4*c = -3*o + 538, -c - 2*c = 4*o - 722. List the prime factors of o.
2, 7, 13
Let u = -24 + 36. What are the prime factors of u?
2, 3
Let b(r) = -r**3 + 2*r**2 + 2*r - 2. Let u be b(2). Suppose -w = u*w - 30. List the prime factors of w.
2, 5
Suppose -r = r - 8. Suppose 3*h = 7*h + 3*x - 45, -53 = -r*h + 5*x. List the prime factors of h.
2, 3
Let u(t) = -t + 6. What are the prime factors of u(0)?
2, 3
Suppose 17*c + 1340 = 22*c. List the prime factors of c.
2, 67
Let m(d) = d**2 + 2*d + 2. Let o be m(3). Suppose -4*p + 3*p = -q + 14, -3*q = 3*p + 30. Let g = p + o. List the prime factors of g.
5
Suppose -5*l + 5*i + 16 = -39, -5*l - 5*i = -35. Let x(r) = -r + 2*r + 3 + 8*r**2 - l*r**2. What are the prime factors of x(0)?
3
Let t(u) = u**2 + 6*u - 1. Let o be t(-7). Suppose -7*f + 4*f = o. List the prime factors of 7 + (5 - 3) + f.
7
List the prime factors o